{"id":38,"date":"2023-05-30T21:07:33","date_gmt":"2023-05-30T19:07:33","guid":{"rendered":"https:\/\/beschwerdestelle-rtk-wi.de\/?page_id=38"},"modified":"2023-05-30T23:55:42","modified_gmt":"2023-05-30T21:55:42","slug":"startseite","status":"publish","type":"page","link":"https:\/\/beschwerdestelle-rtk-wi.de\/","title":{"rendered":"Startseite"},"content":{"rendered":"\n<p><strong>Sie haben negative Erfahrungen gemacht?<\/strong><\/p>\n\n\n\n<p>Die unabh\u00e4ngige Beschwerdestelle f\u00fcr Wiesbaden und den Rheingau-Taunus-Kreis nimmt Ihre Beschwerden und Anregungen zum Thema Psychiatrie in der Region entgegen. Das hessische Psychisch-Kranken-Hilfe-Gesetz (PsychKHG) von 2017 st\u00e4rkt Sie und Ihre Rechte.<\/p>\n\n\n\n<p>Unsere Arbeitsgruppe setzt sich zusammen aus Psychiatrie-erfahrenen Menschen, Angeh\u00f6rigen psychisch kranker Menschen und Fachkr\u00e4ften mit langj\u00e4hriger psychiatrischer Erfahrung.<br>Wir sind unabh\u00e4ngig und unterliegen der Schweigepflicht.<br>Unsere Unterst\u00fctzung ist f\u00fcr Sie kostenlos.<\/p>\n\n\n\n<p>Wir unterst\u00fctzen Sie bei der Durchsetzung Ihrer Interessen und Rechte und vermitteln bei der Suche nach L\u00f6sungen. Bitte beachten Sie, dass wir in akuten F\u00e4llen keine Hilfe leisten k\u00f6nnen.<\/p>\n\n\n\n<p>Sie haben beispielsweise einen Anspruch auf<\/p>\n\n\n\n<ul class=\"wp-block-list\">\n<li>Aufkl\u00e4rung \u00fcber Diagnose und Behandlung<\/li>\n\n\n\n<li>Ber\u00fccksichtigung Ihrer Patientenverf\u00fcgung<\/li>\n\n\n\n<li>Mitwirkung bei der Hilfeplanung<\/li>\n\n\n\n<li>Vermeidung von Zwangsbehandlungen<\/li>\n\n\n\n<li>Wahrung von W\u00fcrde und Respekt im Umgang miteinander<\/li>\n<\/ul>\n\n\n\n<p>Unser Angebot richtet sich an<\/p>\n\n\n\n<ul class=\"wp-block-list\">\n<li>Menschen mit psychischen Erkrankungen<\/li>\n\n\n\n<li>Angeh\u00f6rige und Vertrauenspersonen psychisch kranker Menschen<\/li>\n\n\n\n<li>Mitarbeitende psychiatrischer Einrichtungen<\/li>\n<\/ul>\n\n\n\n<p>Sollten Sie sich in Ihren Rechten eingeschr\u00e4nkt oder verletzt f\u00fchlen, k\u00f6nnen Sie sich an uns wenden. Mit Ihrer Hilfe k\u00f6nnen wir dazu beitragen, die Qualit\u00e4t der Behandlung und Begleitung in den unterschiedlichen Bereichen der Psychiatrie zu verbessern.<\/p>\n","protected":false},"excerpt":{"rendered":"<p>Sie haben negative Erfahrungen gemacht? Die unabh\u00e4ngige Beschwerdestelle f\u00fcr Wiesbaden und den Rheingau-Taunus-Kreis nimmt Ihre Beschwerden und Anregungen zum Thema Psychiatrie in der Region entgegen. Das hessische Psychisch-Kranken-Hilfe-Gesetz (PsychKHG) von 2017 st\u00e4rkt Sie und Ihre Rechte. Unsere Arbeitsgruppe setzt sich zusammen aus Psychiatrie-erfahrenen Menschen, Angeh\u00f6rigen psychisch kranker Menschen und Fachkr\u00e4ften mit langj\u00e4hriger psychiatrischer Erfahrung.Wir sind [&hellip;]<\/p>\n","protected":false},"author":1,"featured_media":33,"parent":0,"menu_order":0,"comment_status":"closed","ping_status":"closed","template":"","meta":{"_themeisle_gutenberg_block_has_review":false,"footnotes":""},"class_list":["post-38","page","type-page","status-publish","has-post-thumbnail","hentry"],"_links":{"self":[{"href":"https:\/\/beschwerdestelle-rtk-wi.de\/index.php?rest_route=\/wp\/v2\/pages\/38","targetHints":{"allow":["GET"]}}],"collection":[{"href":"https:\/\/beschwerdestelle-rtk-wi.de\/index.php?rest_route=\/wp\/v2\/pages"}],"about":[{"href":"https:\/\/beschwerdestelle-rtk-wi.de\/index.php?rest_route=\/wp\/v2\/types\/page"}],"author":[{"embeddable":true,"href":"https:\/\/beschwerdestelle-rtk-wi.de\/index.php?rest_route=\/wp\/v2\/users\/1"}],"replies":[{"embeddable":true,"href":"https:\/\/beschwerdestelle-rtk-wi.de\/index.php?rest_route=%2Fwp%2Fv2%2Fcomments&post=38"}],"version-history":[{"count":9,"href":"https:\/\/beschwerdestelle-rtk-wi.de\/index.php?rest_route=\/wp\/v2\/pages\/38\/revisions"}],"predecessor-version":[{"id":83,"href":"https:\/\/beschwerdestelle-rtk-wi.de\/index.php?rest_route=\/wp\/v2\/pages\/38\/revisions\/83"}],"wp:featuredmedia":[{"embeddable":true,"href":"https:\/\/beschwerdestelle-rtk-wi.de\/index.php?rest_route=\/wp\/v2\/media\/33"}],"wp:attachment":[{"href":"https:\/\/beschwerdestelle-rtk-wi.de\/index.php?rest_route=%2Fwp%2Fv2%2Fmedia&parent=38"}],"curies":[{"name":"wp","href":"https:\/\/api.w.org\/{rel}","templated":true}]}}